{"id":78,"date":"2024-09-06T10:57:37","date_gmt":"2024-09-06T08:57:37","guid":{"rendered":"https:\/\/eva-massage-chinois-lyon.com\/?page_id=78"},"modified":"2024-09-06T10:59:53","modified_gmt":"2024-09-06T08:59:53","slug":"temoignage","status":"publish","type":"page","link":"https:\/\/eva-massage-chinois-lyon.com\/index.php\/temoignage\/","title":{"rendered":"T\u00e9moignage"},"content":{"rendered":"\t\t<div data-elementor-type=\"wp-page\" data-elementor-id=\"78\" class=\"elementor elementor-78\">\n\t\t\t\t<div class=\"elementor-element elementor-element-29fd118 e-flex e-con-boxed e-con e-parent\" data-id=\"29fd118\" data-element_type=\"container\">\n\t\t\t\t\t<div class=\"e-con-inner\">\n\t\t\t\t<div class=\"elementor-element elementor-element-9d25392 elementor-widget elementor-widget-heading\" data-id=\"9d25392\" data-element_type=\"widget\" data-widget_type=\"heading.default\">\n\t\t\t\t<div class=\"elementor-widget-container\">\n\t\t\t<style>\/*! elementor - v3.23.0 - 25-07-2024 *\/\n.elementor-heading-title{padding:0;margin:0;line-height:1}.elementor-widget-heading .elementor-heading-title[class*=elementor-size-]>a{color:inherit;font-size:inherit;line-height:inherit}.elementor-widget-heading .elementor-heading-title.elementor-size-small{font-size:15px}.elementor-widget-heading .elementor-heading-title.elementor-size-medium{font-size:19px}.elementor-widget-heading .elementor-heading-title.elementor-size-large{font-size:29px}.elementor-widget-heading .elementor-heading-title.elementor-size-xl{font-size:39px}.elementor-widget-heading .elementor-heading-title.elementor-size-xxl{font-size:59px}<\/style><h2 class=\"elementor-heading-title elementor-size-default\"><h3 style=\"color: rgb(122, 122, 122); white-space-collapse: collapse;\">Le t\u00e9moignage d'\u00c9ric, 45 ans<\/h3><\/h2>\t\t<\/div>\n\t\t\t\t<\/div>\n\t\t\t\t<div class=\"elementor-element elementor-element-db90dce elementor-widget elementor-widget-image\" data-id=\"db90dce\" data-element_type=\"widget\" data-widget_type=\"image.default\">\n\t\t\t\t<div class=\"elementor-widget-container\">\n\t\t\t<style>\/*! elementor - v3.23.0 - 25-07-2024 *\/\n.elementor-widget-image{text-align:center}.elementor-widget-image a{display:inline-block}.elementor-widget-image a img[src$=\".svg\"]{width:48px}.elementor-widget-image img{vertical-align:middle;display:inline-block}<\/style>\t\t\t\t\t\t\t\t\t\t<img fetchpriority=\"high\" decoding=\"async\" width=\"767\" height=\"616\" src=\"https:\/\/eva-massage-chinois-lyon.com\/wp-content\/uploads\/2024\/09\/Eric-temoignage-1024x823.jpg\" class=\"attachment-large size-large wp-image-80\" alt=\"\" srcset=\"https:\/\/eva-massage-chinois-lyon.com\/wp-content\/uploads\/2024\/09\/Eric-temoignage-1024x823.jpg 1024w, https:\/\/eva-massage-chinois-lyon.com\/wp-content\/uploads\/2024\/09\/Eric-temoignage-300x241.jpg 300w, https:\/\/eva-massage-chinois-lyon.com\/wp-content\/uploads\/2024\/09\/Eric-temoignage-768x618.jpg 768w, https:\/\/eva-massage-chinois-lyon.com\/wp-content\/uploads\/2024\/09\/Eric-temoignage.jpg 1200w\" sizes=\"(max-width: 767px) 100vw, 767px\" \/>\t\t\t\t\t\t\t\t\t\t\t\t\t<\/div>\n\t\t\t\t<\/div>\n\t\t\t\t<div class=\"elementor-element elementor-element-2c8c542 elementor-widget elementor-widget-text-editor\" data-id=\"2c8c542\" data-element_type=\"widget\" data-widget_type=\"text-editor.default\">\n\t\t\t\t<div class=\"elementor-widget-container\">\n\t\t\t<style>\/*! elementor - v3.23.0 - 25-07-2024 *\/\n.elementor-widget-text-editor.elementor-drop-cap-view-stacked .elementor-drop-cap{background-color:#69727d;color:#fff}.elementor-widget-text-editor.elementor-drop-cap-view-framed .elementor-drop-cap{color:#69727d;border:3px solid;background-color:transparent}.elementor-widget-text-editor:not(.elementor-drop-cap-view-default) .elementor-drop-cap{margin-top:8px}.elementor-widget-text-editor:not(.elementor-drop-cap-view-default) .elementor-drop-cap-letter{width:1em;height:1em}.elementor-widget-text-editor .elementor-drop-cap{float:left;text-align:center;line-height:1;font-size:50px}.elementor-widget-text-editor .elementor-drop-cap-letter{display:inline-block}<\/style>\t\t\t\t<h3><span style=\"color: var( --e-global-color-text ); font-family: var( --e-global-typography-text-font-family ), Sans-serif; font-weight: var( --e-global-typography-text-font-weight ); text-align: var(--text-align); font-size: 18px;\">Hier, un ami \u00e0 moi est venu au salon Eva et m&#8217;a racont\u00e9 son exp\u00e9rience incroyable. Il m&#8217;a d\u00e9crit \u00e0 quel point il avait \u00e9t\u00e9 enchant\u00e9 par le soin attentif et professionnel de la masseuse. Son enthousiasme \u00e9tait tel qu&#8217;il m&#8217;a vivement conseill\u00e9 d&#8217;essayer \u00e0 mon tour.<\/span><\/h3><p>Aujourd&#8217;hui, j&#8217;ai d\u00e9cid\u00e9 de suivre son conseil et je suis venu au salon Eva. D\u00e8s mon arriv\u00e9e, j&#8217;ai \u00e9t\u00e9 accueilli avec une grande gentillesse et une atmosph\u00e8re apaisante. La salle de massage \u00e9tait spacieuse et impeccablement propre, avec une musique douce en fond qui ajoutait \u00e0 l&#8217;ambiance relaxante. La masseuse a pris le temps de comprendre mes besoins et a adapt\u00e9 le massage en cons\u00e9quence. Les mouvements \u00e9taient pr\u00e9cis, enveloppants et incroyablement relaxants. Elle a su d\u00e9nouer toutes les tensions accumul\u00e9es dans mes muscles, et j&#8217;ai senti une am\u00e9lioration imm\u00e9diate de ma circulation sanguine et une r\u00e9duction notable de mon stress.<\/p><p>Je suis ressorti du salon compl\u00e8tement d\u00e9tendu et revitalis\u00e9. La qualit\u00e9 du soin \u00e9tait exceptionnelle et je comprends maintenant pourquoi mon ami \u00e9tait si enthousiaste. De plus, l\u2019attention port\u00e9e aux d\u00e9tails, comme la boisson chaude offerte \u00e0 la fin du massage, a rendu l&#8217;exp\u00e9rience encore plus agr\u00e9able.<\/p><p>Je recommande vivement le salon Eva \u00e0 tous ceux qui cherchent un moment de d\u00e9tente et de bien-\u00eatre. Que ce soit pour un massage relaxant ou un soin plus sp\u00e9cifique, vous serez entre de bonnes mains. Merci pour cette exp\u00e9rience m\u00e9morable !<\/p>\t\t\t\t\t\t<\/div>\n\t\t\t\t<\/div>\n\t\t\t\t\t<\/div>\n\t\t\t\t<\/div>\n\t\t\t\t<\/div>\n\t\t","protected":false},"excerpt":{"rendered":"<p>Le t\u00e9moignage d&#8217;\u00c9ric, 45 ans Hier, un ami \u00e0 moi est venu au salon Eva et m&#8217;a racont\u00e9 son exp\u00e9rience incroyable. Il m&#8217;a d\u00e9crit \u00e0 quel point il avait \u00e9t\u00e9 &hellip; <\/p>\n","protected":false},"author":1,"featured_media":0,"parent":0,"menu_order":0,"comment_status":"closed","ping_status":"closed","template":"","meta":{"footnotes":""},"class_list":["post-78","page","type-page","status-publish","hentry"],"_links":{"self":[{"href":"https:\/\/eva-massage-chinois-lyon.com\/index.php\/wp-json\/wp\/v2\/pages\/78","targetHints":{"allow":["GET"]}}],"collection":[{"href":"https:\/\/eva-massage-chinois-lyon.com\/index.php\/wp-json\/wp\/v2\/pages"}],"about":[{"href":"https:\/\/eva-massage-chinois-lyon.com\/index.php\/wp-json\/wp\/v2\/types\/page"}],"author":[{"embeddable":true,"href":"https:\/\/eva-massage-chinois-lyon.com\/index.php\/wp-json\/wp\/v2\/users\/1"}],"replies":[{"embeddable":true,"href":"https:\/\/eva-massage-chinois-lyon.com\/index.php\/wp-json\/wp\/v2\/comments?post=78"}],"version-history":[{"count":4,"href":"https:\/\/eva-massage-chinois-lyon.com\/index.php\/wp-json\/wp\/v2\/pages\/78\/revisions"}],"predecessor-version":[{"id":84,"href":"https:\/\/eva-massage-chinois-lyon.com\/index.php\/wp-json\/wp\/v2\/pages\/78\/revisions\/84"}],"wp:attachment":[{"href":"https:\/\/eva-massage-chinois-lyon.com\/index.php\/wp-json\/wp\/v2\/media?parent=78"}],"curies":[{"name":"wp","href":"https:\/\/api.w.org\/{rel}","templated":true}]}}